{"id":11266,"date":"2025-12-12T17:54:57","date_gmt":"2025-12-12T16:54:57","guid":{"rendered":"https:\/\/spgoo.org\/?page_id=11266"},"modified":"2025-12-24T16:22:25","modified_gmt":"2025-12-24T15:22:25","slug":"calculs-sur-ovh","status":"publish","type":"page","link":"https:\/\/spgoo.org\/?page_id=11266","title":{"rendered":"Calculs sur OVH"},"content":{"rendered":"\n<p><\/p>\n\n\n\n<p><a href=\"https:\/\/spgoo.org\/?page_id=11263\">Probl\u00e8me de lib\u00e9ration de m\u00e9moire en python sous jupyterlab.<\/a><\/p>\n\n\n\n<p><\/p>\n","protected":false},"excerpt":{"rendered":"<p>Probl\u00e8me de lib\u00e9ration de m\u00e9moire en python sous jupyterlab.<\/p>\n","protected":false},"author":4,"featured_media":0,"parent":0,"menu_order":0,"comment_status":"closed","ping_status":"closed","template":"","meta":{"footnotes":""},"class_list":["post-11266","page","type-page","status-publish","hentry"],"_links":{"self":[{"href":"https:\/\/spgoo.org\/index.php?rest_route=\/wp\/v2\/pages\/11266","targetHints":{"allow":["GET"]}}],"collection":[{"href":"https:\/\/spgoo.org\/index.php?rest_route=\/wp\/v2\/pages"}],"about":[{"href":"https:\/\/spgoo.org\/index.php?rest_route=\/wp\/v2\/types\/page"}],"author":[{"embeddable":true,"href":"https:\/\/spgoo.org\/index.php?rest_route=\/wp\/v2\/users\/4"}],"replies":[{"embeddable":true,"href":"https:\/\/spgoo.org\/index.php?rest_route=%2Fwp%2Fv2%2Fcomments&post=11266"}],"version-history":[{"count":2,"href":"https:\/\/spgoo.org\/index.php?rest_route=\/wp\/v2\/pages\/11266\/revisions"}],"predecessor-version":[{"id":11439,"href":"https:\/\/spgoo.org\/index.php?rest_route=\/wp\/v2\/pages\/11266\/revisions\/11439"}],"wp:attachment":[{"href":"https:\/\/spgoo.org\/index.php?rest_route=%2Fwp%2Fv2%2Fmedia&parent=11266"}],"curies":[{"name":"wp","href":"https:\/\/api.w.org\/{rel}","templated":true}]}}