{"id":11697,"date":"2026-02-03T08:57:07","date_gmt":"2026-02-03T07:57:07","guid":{"rendered":"https:\/\/spgoo.org\/?page_id=11697"},"modified":"2026-02-04T18:20:56","modified_gmt":"2026-02-04T17:20:56","slug":"analyse-de-lexistant","status":"publish","type":"page","link":"https:\/\/spgoo.org\/?page_id=11697","title":{"rendered":"SNO Tourbi\u00e8res : Analyse de l&#8217;existant"},"content":{"rendered":"\n<h2 class=\"wp-block-heading has-text-align-center\">Analyse de  l&#8217;existant et recensement des besoins :<\/h2>\n\n\n\n<p>Sites de r\u00e9f\u00e9rences : <\/p>\n\n\n\n<ul class=\"wp-block-list\">\n<li>Ancien site : <a href=\"https:\/\/data-snot.cnrs.fr\/apps\/app\/data-access\">https:\/\/data-snot.cnrs.fr\/apps\/app\/data-access<\/a><\/li>\n\n\n\n<li>Doc: <a href=\"https:\/\/sourcesup.renater.fr\/www\/si-snot\/\">https:\/\/sourcesup.renater.fr\/www\/si-snot\/<\/a><\/li>\n\n\n\n<li>Nouveeau site : <a href=\"https:\/\/osuc-s-intg.inist.fr\/s\/osuc\/page\/accueil\" target=\"_blank\" rel=\"noreferrer noopener\">https:\/\/osuc-s-intg.inist.fr\/s\/osuc\/page\/accueil<\/a>&nbsp;<\/li>\n<\/ul>\n\n\n\n<p>Documentations de r\u00e9f\u00e9rence : <\/p>\n\n\n\n<ul class=\"wp-block-list\">\n<li>bilan_sites_SNO_Tourbi\u00e8res_2025_+CR.pdf<\/li>\n\n\n\n<li>protocole_SNO_tourbi\u00e8res.pdf<\/li>\n\n\n\n<li><a href=\"https:\/\/www.icos-cp.eu\/about\/icos-in-nutshell\/strategy\">ICOS Strategy.pdf<\/a><\/li>\n\n\n\n<li><a href=\"https:\/\/www.unep.org\/resources\/report\/global-peatland-hotspot-atlas-2024\">global_peatland_hotspot_atlas.pdf<\/a><\/li>\n\n\n\n<li>elter-plusdeliverable-34-v12-zacharias-et-al.pdf eLTER<\/li>\n\n\n\n<li><a href=\"https:\/\/docs.un.org\/fr\/UNEP\/EA.4\/Res.16\">UNEPEA4RES16F.pdf<\/a> Nations Unies<\/li>\n\n\n\n<li>Associated stations variables.xlsx<\/li>\n\n\n\n<li><a href=\"https:\/\/la_guette.gitlab.io\/mkdocs\/LoRaWAN\/userguide_1_LNS\">https:\/\/la_guette.gitlab.io\/mkdocs\/LoRaWAN\/userguide_1_LNS<\/a><\/li>\n\n\n\n<li><a href=\"https:\/\/la_guette.gitlab.io\/mkdocs\/instruments\/routine_instru\/#importation-des-donnees-piezo\">https:\/\/la_guette.gitlab.io\/mkdocs\/instruments\/routine_instru\/#importation-des-donnees-piezo<\/a><\/li>\n<\/ul>\n\n\n\n<p class=\"has-vivid-cyan-blue-color has-text-color has-link-color has-medium-font-size wp-elements-0de9c75ae34bbe06d95f41bd0a59da43\">Introduction <\/p>\n\n\n\n<p>Appropriation du contexte des tourbi\u00e8res ; plusieurs volets importants autour de ces tourbi\u00e8res,<\/p>\n\n\n\n<p>Objectifs du SNO :<\/p>\n\n\n\n<ul class=\"wp-block-list\">\n<li>Estimer le bilan carbone et hydrologique des tourbi\u00e8res<\/li>\n\n\n\n<li>Mettre en \u00e9vidence la mise en place de r\u00e9troactions entre les changements climatiques et les \u00e9missions de GES (GHG : GreenHouse Gases)<\/li>\n\n\n\n<li>D\u00e9velopper des exp\u00e9rimentations locales (attention les donn\u00e9es sont \u00e0 l&#8217;ext\u00e9rieur du SNO)<\/li>\n<\/ul>\n\n\n\n<p>Pour chaque tourni\u00e8re on essaye de collecter environ 36 variables environnementales issues de traitements auxilliaires. Les mesures effectu\u00e9es sont manuelles, automatiques in situ ou manuelles dans un laboratoire.<\/p>\n\n\n\n<p>Les donn\u00e9es pr\u00e9lev\u00e9es :<\/p>\n\n\n\n<ul class=\"wp-block-list\">\n<li>M\u00e9teorologique et physique du sol &#8212; station m\u00e9t\u00e9o<\/li>\n\n\n\n<li>Flux de Gaz \u00e0 Effet de Serre (GHG) et d&#8217;\u00e9nergie<\/li>\n\n\n\n<li>Hydrologie et hydrochimie : caract\u00e9riser les eaux et calculer les flux de cabone organique dissous (pas accessible pour le moment)<\/li>\n\n\n\n<li>Biodiversit\u00e9 : qualit\u00e9 de la biodiversit\u00e9, de leur d\u00e9veloppement \u00e0 travers en ensemble de mesures \u00e0 long terme (pas accessible pour le moment)<\/li>\n<\/ul>\n\n\n\n<p>Les sites concern\u00e9s et leur \u00e9quipement actuellement sont :<\/p>\n\n\n\n<ul class=\"wp-block-list\">\n<li>Bernadouze BDZ (station bio-m\u00e9t\u00e9o + 10 pi\u00e9zom\u00e8tres)<\/li>\n\n\n\n<li>La Guette LGT : station bio-m\u00e9teo, station eddy-convariance, station exp\u00e9rimentale, fluorim\u00e8tre, pi\u00e9zom\u00e9tres, sonde multi-param\u00e8tres<\/li>\n\n\n\n<li>Frasne : station eddy-covariance, station m\u00e9t\u00e9o-sol<\/li>\n\n\n\n<li>Landemarais LDM : station eddy-convariance, station m\u00e9to-sol, pi\u00e9zom\u00e8tre<\/li>\n<\/ul>\n\n\n\n<p class=\"has-vivid-cyan-blue-color has-text-color has-link-color has-medium-font-size wp-elements-fcf05903520cef1e35b32ecda8776be9\">Contexte et partenaires :  r\u00e9seaux nationaux et internationaux<\/p>\n\n\n\n<p>R\u00e9seaux internationaux<\/p>\n\n\n\n<ul class=\"wp-block-list\">\n<li>ICOS : <a href=\"https:\/\/www.icos-cp.eu\/\">Integrated Carbon Observation System<\/a><\/li>\n\n\n\n<li>eLTER : <a href=\"https:\/\/elter-ri.eu\/\">european Long Term Ecological Research<\/a><\/li>\n<\/ul>\n\n\n\n<p>R\u00e9seaux nationaux<\/p>\n\n\n\n<ul class=\"wp-block-list\">\n<li>ICOS : <a href=\"https:\/\/www.icos-cp.eu\/\">Integrated Carbon Observation System<\/a> <\/li>\n\n\n\n<li>OZcar : <a href=\"https:\/\/ozcar-ri.org\/fr\/sno-tourbieres\">Critical Zone Observatory network<\/a> <\/li>\n\n\n\n<li>ZA : <a href=\"https:\/\/www.za-inee.org\/\">Zone Ateliers<\/a><\/li>\n\n\n\n<li><a href=\"https:\/\/www.pole-tourbieres.org\/\">P\u00f4le relais-tourbi\u00e8res<\/a><\/li>\n<\/ul>\n\n\n<div class=\"wp-block-image\">\n<figure class=\"aligncenter size-large\"><img loading=\"lazy\" decoding=\"async\" width=\"1024\" height=\"553\" src=\"https:\/\/spgoo.org\/wp-content\/uploads\/2026\/02\/Capture-du-2026-02-04-17-05-49-1024x553.png\" alt=\"\" class=\"wp-image-11767\" srcset=\"https:\/\/spgoo.org\/wp-content\/uploads\/2026\/02\/Capture-du-2026-02-04-17-05-49-1024x553.png 1024w, https:\/\/spgoo.org\/wp-content\/uploads\/2026\/02\/Capture-du-2026-02-04-17-05-49-300x162.png 300w, https:\/\/spgoo.org\/wp-content\/uploads\/2026\/02\/Capture-du-2026-02-04-17-05-49-768x415.png 768w, https:\/\/spgoo.org\/wp-content\/uploads\/2026\/02\/Capture-du-2026-02-04-17-05-49.png 1135w\" sizes=\"auto, (max-width: 1024px) 100vw, 1024px\" \/><\/figure>\n<\/div>\n\n\n<p class=\"has-vivid-cyan-blue-color has-text-color has-link-color has-medium-font-size wp-elements-f42ab9e6b3a98768e5ec1f3bc7a0f77e\">Constat \u00e0 partir du site et des documents disponibles :<\/p>\n\n\n\n<p>Partie projets : on a une liste de projets, tous a priori termin\u00e9s, mais il manque le contenu et les informations associ\u00e9es &#8230;. \u00e0 compl\u00e9ter et mettre sur le site<\/p>\n\n\n\n<p>Temps de r\u00e9ponse de l&#8217;application au chargement, sans doute li\u00e9 \u00e0 la cartographie (\u00e0 v\u00e9rifier), a priori c&#8217;est le chargement de la vue mat\u00e9rialis\u00e9e de prostgresql qui prend du temps au chargement. Un probl\u00e8me d\u00e9tect\u00e9 lors de la constitutioon de cette vue et des mises \u00e0 jour qui peuvent provoquer un temps de latence certain<\/p>\n\n\n\n<p class=\"has-text-align-center\">PERFORMANCE \/\/ EVALUATION \u00e0 FAIRE<\/p>\n\n\n\n<p>Donn\u00e9es incompl\u00e8tes (beaucoup de s\u00e9ries s&#8217;arr\u00eatent en 2021, peu continuent en 2025), car il peut se passer diff\u00e9rentes \u00e9v\u00e9nements : intemp\u00e9ries, pannes, indisponible, d\u00e9t\u00e9rior\u00e9 , le probl\u00e8me est que les informations ne sont pas document\u00e9es avec les donn\u00e9es &#8230; voir la possiblit\u00e9 de permettre ce type de saisie.<\/p>\n\n\n\n<p class=\"has-text-align-center\">DONNEES<\/p>\n\n\n\n<p>Il manque la volum\u00e9trie des donn\u00e9es depuis la cr\u00e9ation du syst\u00e8me par site ceci est important pour pr\u00e9voir le portage et l&#8217;insertion d&#8217;autres sites \u00e9ventuellement.<\/p>\n\n\n\n<p>Permettre \u00e9galement d&#8217;estimer les espaces disques, les temps de traitements sur une ann\u00e9e et sur une p\u00e9riode, r\u00e9cup\u00e9rer les acc\u00e9s \u00e0 FTP.<\/p>\n\n\n\n<p class=\"has-text-align-center\">VOLUMETRIE<\/p>\n\n\n\n<p>Il manque \u00e9galement la structure de la base de donn\u00e9es postgresql : voir l&#8217;application java pour faire la r\u00e9troconception de la base,<\/p>\n\n\n\n<p class=\"has-text-align-center\">STRUCTURE BASE<\/p>\n\n\n\n<p>Questions :<\/p>\n\n\n\n<ul class=\"wp-block-list\">\n<li>Est-ce que les informations et donn\u00e9es sont confidentielles  &#8211;&gt;  <strong>tout public<\/strong><\/li>\n\n\n\n<li>On parle \u00e0 plusieurs reprises de TALEND pour le traitement des donn\u00e9es &#8211;&gt; <strong>N&#8217;existe plus<\/strong>.<\/li>\n\n\n\n<li>Les scripts de post traitements ont \u00e9t\u00e9 r\u00e9alis\u00e9s par un CDD ; \u00e0 r\u00e9cup\u00e9rer aupr\u00e8s de NM sous forme de docker.<\/li>\n<\/ul>\n\n\n\n<p class=\"has-vivid-cyan-blue-color has-text-color has-link-color has-medium-font-size wp-elements-93f2f93ff9da51ff9cc948e34e17dc3b\">Pistes d&#8217;am\u00e9lioration et d&#8217;\u00e9volution du syst\u00e8me<\/p>\n\n\n\n<p>Plusieurs pistes peuvent \u00eatre envisag\u00e9es pour ce syst\u00e8me pour l&#8217;amener \u00e0 une configuration exploitable et \u00e9volutive =&gt; cartographie plus r\u00e9duite et plus efficace au chargement (se poser la question de l&#8217;int\u00e9r\u00eat de ce type de cartographie \u00e0 ce niveau ; est-ce qu&#8217;une image suffirait &#8230;..plan )<\/p>\n\n\n\n<p>Il n&#8217;y a pas de dimension exacte des tourbi\u00e8res, on a le positionnement des capteurs sur la zone, il serait peut-\u00eatre int\u00e9ressant d&#8217;avoir une mod\u00e9lisation compl\u00e8te de la tourbi\u00e8re en 3D avec des possiblit\u00e9s de visualisation des grandeurs par la suite directement sur le mod\u00e8le.<\/p>\n\n\n\n<p>Dimensions les plus compl\u00e8tes de la zone, en espace, en profondeur, l&#8217;environnement, les connexions (cours d&#8217;eau) etc.<\/p>\n\n\n\n<p class=\"has-text-align-center\">MODELE 3D (<a href=\"https:\/\/spgoo.org\/?page_id=11711\">exemple<\/a>)<\/p>\n\n\n\n<p>Ce qui permettrait de d\u00e9finir par la position des capteurs et par interpolation entre eux des formes de napes 3D des diff\u00e9rentes grandeurs afin d&#8217;avoir des distributions plus compl\u00e8tes de la zone.<\/p>\n\n\n\n<p>Repr\u00e9sentations des \u00e9changes CO2, CH4, H2O, voir les niveaux de la biodiversit\u00e9 \u00e9galement , v\u00e9g\u00e9tations avoisinnantes<\/p>\n\n\n\n<p>On pourrait \u00e0 ce niveau pr\u00e9voir des animations sp\u00e9cifiques pour montrer les \u00e9changes possibles entre la tourni\u00e8re et son environnement<\/p>\n\n\n\n<p class=\"has-text-align-center\">COURBES AVEC THREE.JS (<a href=\"https:\/\/spgoo.org\/?page_id=10553\">exemples<\/a>)<\/p>\n\n\n\n<p>Est-ce que l&#8217;environnement autour de la tourbi\u00e8re est important ; si c&#8217;est le cas il faudrait peut-\u00eatre indiquer les caract\u00e9ristiques de l&#8217;envirtonnement proche ( peut-\u00eatre \u00e0 diff\u00e9rentes distances &#8212; cercle 10km, cercle 20km &#8230;.)<\/p>\n\n\n\n<p>Egalement, ce qui peut-\u00eatre int\u00e9ressant est d&#8217;avoir l&#8217;historique des am\u00e9negaments autour des tourbi\u00e8res pour voir l&#8217;\u00e9volution des grandeurs en fonction des \u00e9volutions de l&#8217;environnement de proximit\u00e9.<\/p>\n\n\n\n<p class=\"has-text-align-center\">CROISEMENT GRANDEURS ET HISTORIQUE<\/p>\n\n\n\n<p>Caract\u00e9ristiques d&#8217;alimentation : il faut que le dispositif soit des plus simple et facile \u00e0 utiliser par les diff\u00e9rents acteurs ; lors de l&#8217;alimentation il faut pr\u00e9voir des dispositifs de v\u00e9rification, de retour arri\u00e8re, d&#8217;identification des utilisateurs, des conditions d epr\u00e9l\u00e9vements des donn\u00e9es &#8230;.<\/p>\n\n\n\n<p class=\"has-text-align-center\">COLLECTE MANUELLE<\/p>\n\n\n\n<p>L&#8217;alimentation doit permettre \u00e9galement d&#8217;informer les utilisateurs pour leur permettre de traiter les informations<\/p>\n\n\n\n<p class=\"has-text-align-center\">COLLECTE AUTO<\/p>\n\n\n\n<p>Le syst\u00e8me de monitoring en place doit \u00e9galement permettre d&#8217;indiquer des \u00e9v\u00e9nements sp\u00e9cifiques au moment ou is se produisent afin de permettre des actions peut-\u00eatre plus pr\u00e9cises au bon moment.<\/p>\n\n\n\n<p class=\"has-text-align-center\">NOTIFICATION<\/p>\n\n\n\n<p>Le syst\u00e8me doit permettre l&#8217;ajout ou le retrait de certain mat\u00e9riel\/dispositif, comme l&#8217;ajout ou le retrait de variables ; si elles n&#8217;existent plus ou elles ont \u00e9t\u00e9 chang\u00e9es &#8212; attention on conserve l&#8217;ensemble des donn\u00e9es &#8212; configuration peut \u00eatre changeante au cours du temps<\/p>\n\n\n\n<p class=\"has-text-align-center\">ADAPTATION<\/p>\n\n\n\n<p>Am\u00e9nagement d&#8217;espace de travail pour les utilisateurs du SNO, en effet le choix des variables et des donn\u00e9es, la visualisation que l&#8217;on souhaite doit pouvoir se configurer directement sur la plateforme et ainsi les utilisateurs du SNO peuvent \u00e0 tout moment reprendre leur configuration et ne modifier par exemple que la dur\u00e9e d&#8217;observation, dans cet espace de travail les utilisateurs doivent pouvoir fixer les seuils d&#8217;alerte des diff\u00e9rentes grandeurs pour avoir la notification ;Dans cet espace pouvoir travailler sur plusieurs sites en m\u00eame temps et pouvoir comparer les grandeurs entre elles si c&#8217;est int\u00e9ressant &#8230;.<\/p>\n\n\n\n<p>Pr\u00e9voir des interfaces de production des donn\u00e9es pour les partenaires<\/p>\n\n\n\n<p class=\"has-text-align-center\">ICOS, eLTER &#8230;..<\/p>\n\n\n\n<p>Sur le site actuel, (le nouveau) il faudrait regrouper toutes les productions effectu\u00e9es par les uns et les autres (th\u00e8ses, stages, conf\u00e9rences &#8230;) pour avoir et constituer ainsi une base de connaissance et interrogeable \u00e9ventuellement par un LLM augment\u00e9 &#8230;.de plus des documents de l&#8217;ONU et d&#8217;organismes autour des tourbi\u00e8res seraient int\u00e9ressants de relier au site &#8230;.<\/p>\n\n\n\n<p>Dans cette partie il manque l&#8217;historique des projets , les r\u00e9sultats associ\u00e9es et \u00e0 compl\u00e9ter.<\/p>\n\n\n\n<p>Pr\u00e9voir aussi les appels \u00e0 projets \u00e0 venir.<\/p>\n\n\n\n<p class=\"has-text-align-center\">COMMUNICATION &#8212; IA<\/p>\n\n\n\n<p>Veille : pouvoir mettre en ligne et informer des articles et \u00e9v\u00e9nements r\u00e9cents sur le domaine.<\/p>\n\n\n\n<p class=\"has-text-align-center\">VEILLE<\/p>\n\n\n\n<p>De plus, des donn\u00e9es ne sont pas accessibles comme les donn\u00e9es des drones BERNADOUZE qu&#8217;il faudrait peut-\u00eatre conserv\u00e9es et d\u00e9crire pour permettre de r\u00e9p\u00e9ter l&#8217;op\u00e9ration sur d&#8217;autres sites &#8230;.et la r\u00e9p\u00e9ter au cours des ann\u00e9es &#8230;&#8230;idem pour les images satellites<\/p>\n\n\n\n<p class=\"has-text-align-center\">EXTENSION DATA<\/p>\n\n\n\n<p>Traitement des s\u00e9ries temporelles : \u00e0 d\u00e9velopper<\/p>\n\n\n\n<p>Probl\u00e8me de saisonnalit\u00e9, de multi-p\u00e9riode : \u00e0 d\u00e9velopper<\/p>\n\n\n\n<p>Repr\u00e9sentation graphique : \u00e0 d\u00e9velopper<\/p>\n\n\n\n<p class=\"has-vivid-cyan-blue-color has-text-color has-link-color has-medium-font-size wp-elements-c0bb6883b3c31245d4b94a227999c040\">Actions \u00e0 pr\u00e9voir  :<\/p>\n\n\n\n<ul class=\"wp-block-list\">\n<li>ACTION 0 : recensement des besoins \u00e0 partir de l&#8217;existant et des \u00e9volutions  souhait\u00e9es.<\/li>\n\n\n\n<li>ACTION 1 : Remonter la solution compl\u00e8te sur une autre machine pour s&#8217;approprier l&#8217;ensemble des \u00e9l\u00e9ments de la plateforme actuelle.<\/li>\n\n\n\n<li>ACTION 2 : Base de donn\u00e9es : monter un POC pour v\u00e9rifier les performances de solutions d\u00e9di\u00e9es de type InfluxDB ou ElasticSearch en comparaison avec le mod\u00e8le Postgresql. D\u00e9tail du POC voir <a href=\"https:\/\/spgoo.org\/?page_id=11715\">ici<\/a>.<\/li>\n\n\n\n<li>ACTION: 3: recensement des solutions existantes pour ce type de probl\u00e9matique (Inra\u00e9, Inra &#8230;)<\/li>\n\n\n\n<li>ACTION 4 : installation et param\u00e9trage des diff\u00e9rentes solutions en interne (OSUC) pour \u00e9valuation.<\/li>\n\n\n\n<li>ACTION 5 : choix d&#8217;une solution et transfert des donn\u00e9es historiques sur une version en Pr\u00e9-production. <\/li>\n\n\n\n<li>ACTION 6 : Mise en production de la solution choisie. Planning <\/li>\n<\/ul>\n\n\n\n<p class=\"has-vivid-cyan-blue-color has-text-color has-link-color has-medium-font-size wp-elements-a783128ed4b881cbd1f33a80892aa848\">Planning pr\u00e9visionnel des actions : <\/p>\n\n\n\n<p><\/p>\n","protected":false},"excerpt":{"rendered":"<p>Analyse de l&#8217;existant et recensement des besoins : Sites de r\u00e9f\u00e9rences : Documentations de r\u00e9f\u00e9rence : Introduction Appropriation du contexte des tourbi\u00e8res ; plusieurs volets importants autour de ces tourbi\u00e8res, Objectifs du SNO : Pour chaque tourni\u00e8re on essaye de collecter environ 36 variables environnementales issues de traitements auxilliaires. Les mesures effectu\u00e9es sont manuelles, automatiques [&hellip;]<\/p>\n","protected":false},"author":1,"featured_media":0,"parent":0,"menu_order":0,"comment_status":"closed","ping_status":"closed","template":"","meta":{"footnotes":""},"class_list":["post-11697","page","type-page","status-publish","hentry"],"_links":{"self":[{"href":"https:\/\/spgoo.org\/index.php?rest_route=\/wp\/v2\/pages\/11697","targetHints":{"allow":["GET"]}}],"collection":[{"href":"https:\/\/spgoo.org\/index.php?rest_route=\/wp\/v2\/pages"}],"about":[{"href":"https:\/\/spgoo.org\/index.php?rest_route=\/wp\/v2\/types\/page"}],"author":[{"embeddable":true,"href":"https:\/\/spgoo.org\/index.php?rest_route=\/wp\/v2\/users\/1"}],"replies":[{"embeddable":true,"href":"https:\/\/spgoo.org\/index.php?rest_route=%2Fwp%2Fv2%2Fcomments&post=11697"}],"version-history":[{"count":45,"href":"https:\/\/spgoo.org\/index.php?rest_route=\/wp\/v2\/pages\/11697\/revisions"}],"predecessor-version":[{"id":11832,"href":"https:\/\/spgoo.org\/index.php?rest_route=\/wp\/v2\/pages\/11697\/revisions\/11832"}],"wp:attachment":[{"href":"https:\/\/spgoo.org\/index.php?rest_route=%2Fwp%2Fv2%2Fmedia&parent=11697"}],"curies":[{"name":"wp","href":"https:\/\/api.w.org\/{rel}","templated":true}]}}