{"id":12026,"date":"2026-04-08T11:36:11","date_gmt":"2026-04-08T09:36:11","guid":{"rendered":"https:\/\/spgoo.org\/?page_id=12026"},"modified":"2026-04-08T11:38:31","modified_gmt":"2026-04-08T09:38:31","slug":"5-ht7r","status":"publish","type":"page","link":"https:\/\/spgoo.org\/?page_id=12026","title":{"rendered":"5-HT7r"},"content":{"rendered":"\n<h2 class=\"wp-block-heading\">Plateforme 5-HT7R<\/h2>\n\n\n\n<p>\u00c9laboration du site  <a href=\"https:\/\/5-ht7r.org\/\">https:\/\/5-ht7r.org\/<\/a> dans le cadre d&#8217;une collaboration avec le consortium. <\/p>\n\n\n\n<p>Plusieurs \u00e9tapes sont pr\u00e9vues dans cette collaboration : <\/p>\n\n\n\n<p>Etape 1 : site de production 5-ht7r<\/p>\n\n\n\n<p>Mise \u00e0 disposition du nom de domaine et d&#8217;un squelette de site \u00e0 compl\u00e9ter lors du congr\u00e8s de MAI 2026<\/p>\n\n\n\n<p>Etape 2 : plateforme <\/p>\n\n\n\n<p>Prototypage d&#8217;une plateforme de navigation dans l&#8217;ensemble des donn\u00e9es relatives aux diff\u00e9rentes probl\u00e9matiques abord\u00e9es par ce consortium. <\/p>\n","protected":false},"excerpt":{"rendered":"<p>Plateforme 5-HT7R \u00c9laboration du site https:\/\/5-ht7r.org\/ dans le cadre d&#8217;une collaboration avec le consortium. Plusieurs \u00e9tapes sont pr\u00e9vues dans cette collaboration : Etape 1 : site de production 5-ht7r Mise \u00e0 disposition du nom de domaine et d&#8217;un squelette de site \u00e0 compl\u00e9ter lors du congr\u00e8s de MAI 2026 Etape 2 : plateforme Prototypage d&#8217;une [&hellip;]<\/p>\n","protected":false},"author":1,"featured_media":0,"parent":0,"menu_order":0,"comment_status":"closed","ping_status":"closed","template":"","meta":{"footnotes":""},"class_list":["post-12026","page","type-page","status-publish","hentry"],"_links":{"self":[{"href":"https:\/\/spgoo.org\/index.php?rest_route=\/wp\/v2\/pages\/12026","targetHints":{"allow":["GET"]}}],"collection":[{"href":"https:\/\/spgoo.org\/index.php?rest_route=\/wp\/v2\/pages"}],"about":[{"href":"https:\/\/spgoo.org\/index.php?rest_route=\/wp\/v2\/types\/page"}],"author":[{"embeddable":true,"href":"https:\/\/spgoo.org\/index.php?rest_route=\/wp\/v2\/users\/1"}],"replies":[{"embeddable":true,"href":"https:\/\/spgoo.org\/index.php?rest_route=%2Fwp%2Fv2%2Fcomments&post=12026"}],"version-history":[{"count":3,"href":"https:\/\/spgoo.org\/index.php?rest_route=\/wp\/v2\/pages\/12026\/revisions"}],"predecessor-version":[{"id":12031,"href":"https:\/\/spgoo.org\/index.php?rest_route=\/wp\/v2\/pages\/12026\/revisions\/12031"}],"wp:attachment":[{"href":"https:\/\/spgoo.org\/index.php?rest_route=%2Fwp%2Fv2%2Fmedia&parent=12026"}],"curies":[{"name":"wp","href":"https:\/\/api.w.org\/{rel}","templated":true}]}}