{"id":2956,"date":"2024-12-26T10:14:28","date_gmt":"2024-12-26T09:14:28","guid":{"rendered":"https:\/\/spgoo.org\/?page_id=2956"},"modified":"2025-09-28T12:21:46","modified_gmt":"2025-09-28T10:21:46","slug":"cdm","status":"publish","type":"page","link":"https:\/\/spgoo.org\/?page_id=2956","title":{"rendered":"CDM"},"content":{"rendered":"\n<h2 class=\"wp-block-heading\">Cellule D\u00e9di\u00e9e de Management : <strong>CDM<\/strong><\/h2>\n\n\n\n<p class=\"has-pale-cyan-blue-color has-text-color has-link-color has-medium-font-size wp-elements-442fb91bf7cd7b8769053a06ce690565\">Constitution : <\/p>\n\n\n\n<p>Actuellement cette cellule est constitu\u00e9e de deux repr\u00e9sentants de SPGoO <strong>E.Eveno<\/strong> et <strong>Y.Stroppa<\/strong>. Les repr\u00e9sentants de SPGoO sont \u00e9lus par l&#8217;ensemble des membres pour un mandat de deux ans.<\/p>\n\n\n\n<p class=\"has-pale-cyan-blue-color has-text-color has-link-color has-medium-font-size wp-elements-aeaf3fcde8c25b491d9800f3dddd9f03\">Objectifs et fonctions : <\/p>\n\n\n\n<p>Les objectifs de cette cellule est de garantir le bon fonctionnement de SPGoO. Elle aura pour fonction d&#8217;\u00e9tudier toutes les demandes d&#8217;adh\u00e9sion et de r\u00e9guler les CDA. Elle aura \u00e9galement pour mission de s&#8217;occuper des actions de communications, des relations vers l&#8217;ext\u00e9rieur et de s&#8217;assurer de la bonne gestion des CDA par les responsables respectifs. Elle aura en charge \u00e9galement la constitution de tableaux de bord sur les activit\u00e9s de SPGoO.<\/p>\n","protected":false},"excerpt":{"rendered":"<p>Cellule D\u00e9di\u00e9e de Management : CDM Constitution : Actuellement cette cellule est constitu\u00e9e de deux repr\u00e9sentants de SPGoO E.Eveno et Y.Stroppa. Les repr\u00e9sentants de SPGoO sont \u00e9lus par l&#8217;ensemble des membres pour un mandat de deux ans. Objectifs et fonctions : Les objectifs de cette cellule est de garantir le bon fonctionnement de SPGoO. Elle [&hellip;]<\/p>\n","protected":false},"author":1,"featured_media":0,"parent":0,"menu_order":0,"comment_status":"closed","ping_status":"closed","template":"","meta":{"footnotes":""},"class_list":["post-2956","page","type-page","status-publish","hentry"],"_links":{"self":[{"href":"https:\/\/spgoo.org\/index.php?rest_route=\/wp\/v2\/pages\/2956","targetHints":{"allow":["GET"]}}],"collection":[{"href":"https:\/\/spgoo.org\/index.php?rest_route=\/wp\/v2\/pages"}],"about":[{"href":"https:\/\/spgoo.org\/index.php?rest_route=\/wp\/v2\/types\/page"}],"author":[{"embeddable":true,"href":"https:\/\/spgoo.org\/index.php?rest_route=\/wp\/v2\/users\/1"}],"replies":[{"embeddable":true,"href":"https:\/\/spgoo.org\/index.php?rest_route=%2Fwp%2Fv2%2Fcomments&post=2956"}],"version-history":[{"count":16,"href":"https:\/\/spgoo.org\/index.php?rest_route=\/wp\/v2\/pages\/2956\/revisions"}],"predecessor-version":[{"id":10420,"href":"https:\/\/spgoo.org\/index.php?rest_route=\/wp\/v2\/pages\/2956\/revisions\/10420"}],"wp:attachment":[{"href":"https:\/\/spgoo.org\/index.php?rest_route=%2Fwp%2Fv2%2Fmedia&parent=2956"}],"curies":[{"name":"wp","href":"https:\/\/api.w.org\/{rel}","templated":true}]}}