{"id":36,"date":"2024-05-21T18:01:16","date_gmt":"2024-05-21T16:01:16","guid":{"rendered":"https:\/\/spgoo.org\/?page_id=36"},"modified":"2024-11-24T17:59:25","modified_gmt":"2024-11-24T16:59:25","slug":"projets","status":"publish","type":"page","link":"https:\/\/spgoo.org\/?page_id=36","title":{"rendered":"Projets"},"content":{"rendered":"\n<p>Liste des diff\u00e9rents projets r\u00e9alis\u00e9s en collaboration dans le cadre de SPGoO.<\/p>\n\n\n\n<p><a href=\".\/?page_id=345\">Emolgine<\/a> : projet de constitution d&#8217;une plateforme d&#8217;exploitation et d&#8217;extraction de donn\u00e9es sur les mol\u00e9cules et leur lien avec les prot\u00e9ines. Cette plateforme est en cours de d\u00e9veloppement avec une \u00e9quipe d&#8217;\u00e9tudiants de L3 (Charles Diaw, Mouhamadou Lo, Bernard Ngambili, Abderrahmane Rhiabi) de l&#8217;universit\u00e9 d&#8217;Orl\u00e9ans<\/p>\n\n\n\n<p><a href=\".\/?page_id=86\">IAML<\/a> : plateforme d&#8217;exploration et de traitements de donn\u00e9es pour la mise au point de solveurs dans un contexte multi-disciplinaires.<\/p>\n\n\n\n<p><a href=\"https:\/\/frapeor.alimcorp.org\">FRAP\u00e9OR<\/a> : plateforme pour la mise au point et l&#8217;int\u00e9gration de la M\u00e9thode verbo-tonale dans le cadre de la rem\u00e9diation Phon\u00e9tique. Mise au point et construction d&#8217;un avatar conversationnel. <\/p>\n\n\n\n<p><a href=\"https:\/\/spgoo.org\/?page_id=39\">VCI-Seq<\/a> : est un outil de visualisation et de construction d&#8217;images par l&#8217;interm\u00e9diaire page web d\u00e9velopp\u00e9e sur la base de deux \u00e9l\u00e9ments JSXgraph et Sage, l&#8217;objectif est de d\u00e9finir le protocole de construction des images permettant de diff\u00e9rencier des s\u00e9quences ARN\/ADN en appliquant les m\u00e9thodes de classifications d&#8217;images par des m\u00e9thodes de &#8220;machine learning&#8221;.<\/p>\n\n\n\n<p class=\"has-vivid-purple-color has-text-color has-link-color has-medium-font-size wp-elements-5efef77ec24476ef944f037964778566\">Outillages scientifiques :<\/p>\n\n\n\n<div class=\"wp-block-columns is-layout-flex wp-container-core-columns-is-layout-9d6595d7 wp-block-columns-is-layout-flex\">\n<div class=\"wp-block-column is-layout-flow wp-block-column-is-layout-flow\" style=\"flex-basis:40%\">\n<p class=\"has-text-align-center\">JSXGraph<\/p>\n\n\n<div class=\"wp-block-image\">\n<figure class=\"aligncenter size-full is-resized\"><img loading=\"lazy\" decoding=\"async\" width=\"250\" height=\"261\" src=\"https:\/\/spgoo.org\/wp-content\/uploads\/2024\/06\/logo_tw.png\" alt=\"\" class=\"wp-image-536\" style=\"width:99px;height:auto\"\/><\/figure>\n<\/div><\/div>\n\n\n\n<div class=\"wp-block-column is-layout-flow wp-block-column-is-layout-flow\" style=\"flex-basis:60%\">\n<p> Librairie javascript permettant d&#8217;\u00e9laborer des graphes interactifs de grande qualit\u00e9. Plusieurs constructions ont \u00e9t\u00e9 r\u00e9alis\u00e9es dans un contexte Economique (Cours) et dans un contexte biologique. <br><a href=\"https:\/\/jsxgraph.org\/wp\/index.html\">https:\/\/jsxgraph.org\/wp\/index.html<\/a><\/p>\n<\/div>\n<\/div>\n\n\n\n<div class=\"wp-block-columns is-layout-flex wp-container-core-columns-is-layout-9d6595d7 wp-block-columns-is-layout-flex\">\n<div class=\"wp-block-column is-layout-flow wp-block-column-is-layout-flow\" style=\"flex-basis:40%\">\n<p class=\"has-text-align-center\">SAGE<\/p>\n\n\n<div class=\"wp-block-image\">\n<figure class=\"aligncenter size-full is-resized\"><img loading=\"lazy\" decoding=\"async\" width=\"472\" height=\"130\" src=\"https:\/\/spgoo.org\/wp-content\/uploads\/2024\/06\/logo_sagemath.png\" alt=\"\" class=\"wp-image-535\" style=\"width:214px;height:auto\" srcset=\"https:\/\/spgoo.org\/wp-content\/uploads\/2024\/06\/logo_sagemath.png 472w, https:\/\/spgoo.org\/wp-content\/uploads\/2024\/06\/logo_sagemath-300x83.png 300w\" sizes=\"auto, (max-width: 472px) 100vw, 472px\" \/><\/figure>\n<\/div><\/div>\n\n\n\n<div class=\"wp-block-column is-layout-flow wp-block-column-is-layout-flow\" style=\"flex-basis:60%\">\n<p>Sage est une solution de calcul en ligne qui permet d&#8217;ex\u00e9cuter des instructions et d&#8217;invoquer des solveurs dans des langages vari\u00e9s (Sage, Python, Octave, R, Maxima, etc).<br><a href=\"https:\/\/www.sagemath.org\/\">https:\/\/www.sagemath.org\/<\/a><\/p>\n\n\n\n<p><\/p>\n<\/div>\n<\/div>\n\n\n\n<p>Association JSXGraph &#8212; Sage : \u00e0 l&#8217;aide du concept de SageCell nous avons pu croiser les deux solutions pour offrir dans un contexte Web des graphiques interactifs. Certains graphiques n\u00e9cessitant des r\u00e9solutions num\u00e9riques ex\u00e9cut\u00e9s sous sage pour tracer les r\u00e9sultats. <\/p>\n\n\n\n<p><\/p>\n","protected":false},"excerpt":{"rendered":"<p>Liste des diff\u00e9rents projets r\u00e9alis\u00e9s en collaboration dans le cadre de SPGoO. Emolgine : projet de constitution d&#8217;une plateforme d&#8217;exploitation et d&#8217;extraction de donn\u00e9es sur les mol\u00e9cules et leur lien avec les prot\u00e9ines. Cette plateforme est en cours de d\u00e9veloppement avec une \u00e9quipe d&#8217;\u00e9tudiants de L3 (Charles Diaw, Mouhamadou Lo, Bernard Ngambili, Abderrahmane Rhiabi) de [&hellip;]<\/p>\n","protected":false},"author":1,"featured_media":0,"parent":0,"menu_order":0,"comment_status":"closed","ping_status":"closed","template":"","meta":{"footnotes":""},"class_list":["post-36","page","type-page","status-publish","hentry"],"_links":{"self":[{"href":"https:\/\/spgoo.org\/index.php?rest_route=\/wp\/v2\/pages\/36","targetHints":{"allow":["GET"]}}],"collection":[{"href":"https:\/\/spgoo.org\/index.php?rest_route=\/wp\/v2\/pages"}],"about":[{"href":"https:\/\/spgoo.org\/index.php?rest_route=\/wp\/v2\/types\/page"}],"author":[{"embeddable":true,"href":"https:\/\/spgoo.org\/index.php?rest_route=\/wp\/v2\/users\/1"}],"replies":[{"embeddable":true,"href":"https:\/\/spgoo.org\/index.php?rest_route=%2Fwp%2Fv2%2Fcomments&post=36"}],"version-history":[{"count":23,"href":"https:\/\/spgoo.org\/index.php?rest_route=\/wp\/v2\/pages\/36\/revisions"}],"predecessor-version":[{"id":1859,"href":"https:\/\/spgoo.org\/index.php?rest_route=\/wp\/v2\/pages\/36\/revisions\/1859"}],"wp:attachment":[{"href":"https:\/\/spgoo.org\/index.php?rest_route=%2Fwp%2Fv2%2Fmedia&parent=36"}],"curies":[{"name":"wp","href":"https:\/\/api.w.org\/{rel}","templated":true}]}}