{"id":423,"date":"2024-06-16T11:11:16","date_gmt":"2024-06-16T09:11:16","guid":{"rendered":"https:\/\/spgoo.org\/?page_id=423"},"modified":"2024-06-16T11:18:10","modified_gmt":"2024-06-16T09:18:10","slug":"systeme-dequations-differentielles-1er-degre","status":"publish","type":"page","link":"https:\/\/spgoo.org\/?page_id=423","title":{"rendered":"Syst\u00e8me d&#8217;\u00e9quations diff\u00e9rentielles 1er degr\u00e9"},"content":{"rendered":"\n<p class=\"has-text-align-center has-vivid-cyan-blue-color has-text-color has-link-color has-medium-font-size wp-elements-1e5f4ccf627452be494c752b6cda7dae\">Syst\u00e8me d&#8217;\u00e9quations diff\u00e9rentielles 1er degr\u00e9<\/p>\n\n\n    \r\n<script type=\"text\/javascript\" charset=\"UTF-8\" src=\"https:\/\/cdn.jsdelivr.net\/npm\/jsxgraph\/distrib\/jsxgraphcore.js\"><\/script>\r\n<link rel=\"stylesheet\" type=\"text\/css\" href=\"https:\/\/cdn.jsdelivr.net\/npm\/jsxgraph\/distrib\/jsxgraph.css\" \/>\r\n<script type=\"text\/javascript\"   src ='https:\/\/cdnjs.cloudflare.com\/ajax\/libs\/jquery\/3.6.1\/jquery.min.js'><\/script>\r\n<script type=\"text\/javascript\" src=\"https:\/\/sagecell.sagemath.org\/embedded_sagecell.js\"><\/script> \r\n<style>\r\n.serif {\r\n  font-family: \"Computer Modern\", Times, serif;\r\n}\r\n.sansserif {\r\n  font-family: \"Computer Modern Sans\", Times, sans-serif;\r\n}\r\n.monospace {\r\n  font-family: \"Lucida Console\", Courier, monospace;\r\n}\r\n.shaded {\r\n  padding: 8px; border: 1px solid #CCC; box-shadow:8px 8px 12px #888; border-radius:6px;\r\n  }\r\ndiv.Wrapper *{\r\n  color:\"red\";\r\n}\r\n#myDIV {\r\n  color:\"red\";\r\n  background-color: Transparent;;\r\n  }\r\n.circle\r\n{\r\n  width:25px;height:25px;\r\n  border: solid 1px #DCDCDC;\r\n  background-color: #DCDCDC;\r\n  box-shadow: 10px 10px  5px rgba(0,0,0,0.6);\r\n  -moz-box-shadow: 2px 2px  1px rgba(1,1,1,0.6);\r\n  -webkit-box-shadow: 10px 10px  5px rgba(1,1,0,0.6);\r\n  -o-box-shadow: 5px 5px  5px rgba(1,0,0,0.6);\r\n  border-radius:70px;\r\n}\r\n\r\n.rotated45 {\r\n  transform: rotate(-47deg); \r\n}\r\n<\/style>\r\n<script>\r\nwindow.MathJax = {\r\n  tex: {\r\n    inlineMath: [ ['$','$'], [\"\\\\(\",\"\\\\)\"] ],\r\n    displayMath: [ ['$$','$$'], [\"\\\\[\",\"\\\\]\"] ],\r\n    packages: ['base', 'ams']\r\n  },\r\n  options: {\r\n    ignoreHtmlClass: 'tex2jax_ignore',\r\n    processHtmlClass: 'tex2jax_process'\r\n  }\r\n};\r\n<\/script>  \r\n<script type=\"text\/javascript\" id=\"MathJax-script\" src=\"https:\/\/cdn.jsdelivr.net\/npm\/mathjax@3\/es5\/tex-mml-chtml.js\"> <\/script>\r\n\r\n<center>\r\n  <div id=\"box1\" class=\"jxgbox\" style=\"width:800px; height:600px;\"><\/div>\r\n  <div id=\"box2\" class=\"jxgbox\" style=\"width:800px; height:200px;\"><\/div>\r\n\t<label style=\"position:absolute;left:30px;top:640px;color:white\">Commandes <\/label>\r\n\t<input type=\"checkbox\" value=\"\" id=\"chk_commandes\" onchange=\"active_commandes();\" style=\"position:absolute;left:140px;top:640px;\" \/>\r\n\t<!-- pour l'ajour des cellules sage --> \r\n  <div id=\"zone\" style=\"margin:0px 0px 0px 15px;font-family:serif;text-align:left;font-size:12px;display:block\"><\/div>\r\n<\/center>\n\n<script type='text\/javascript'>\nvar id = \"427\";<\/script>\n<script type='text\/javascript' src='https:\/\/spgoo.org\/wp-content\/uploads\/winp-css-js\/427.js?ver=1719486261'><\/script>\n","protected":false},"excerpt":{"rendered":"<p>Syst\u00e8me d&#8217;\u00e9quations diff\u00e9rentielles 1er degr\u00e9<\/p>\n","protected":false},"author":1,"featured_media":0,"parent":0,"menu_order":0,"comment_status":"closed","ping_status":"closed","template":"","meta":{"footnotes":""},"class_list":["post-423","page","type-page","status-publish","hentry"],"_links":{"self":[{"href":"https:\/\/spgoo.org\/index.php?rest_route=\/wp\/v2\/pages\/423","targetHints":{"allow":["GET"]}}],"collection":[{"href":"https:\/\/spgoo.org\/index.php?rest_route=\/wp\/v2\/pages"}],"about":[{"href":"https:\/\/spgoo.org\/index.php?rest_route=\/wp\/v2\/types\/page"}],"author":[{"embeddable":true,"href":"https:\/\/spgoo.org\/index.php?rest_route=\/wp\/v2\/users\/1"}],"replies":[{"embeddable":true,"href":"https:\/\/spgoo.org\/index.php?rest_route=%2Fwp%2Fv2%2Fcomments&post=423"}],"version-history":[{"count":3,"href":"https:\/\/spgoo.org\/index.php?rest_route=\/wp\/v2\/pages\/423\/revisions"}],"predecessor-version":[{"id":431,"href":"https:\/\/spgoo.org\/index.php?rest_route=\/wp\/v2\/pages\/423\/revisions\/431"}],"wp:attachment":[{"href":"https:\/\/spgoo.org\/index.php?rest_route=%2Fwp%2Fv2%2Fmedia&parent=423"}],"curies":[{"name":"wp","href":"https:\/\/api.w.org\/{rel}","templated":true}]}}