{"id":5921,"date":"2025-03-21T18:17:52","date_gmt":"2025-03-21T17:17:52","guid":{"rendered":"https:\/\/spgoo.org\/?page_id=5921"},"modified":"2025-03-24T10:48:59","modified_gmt":"2025-03-24T09:48:59","slug":"analyse-de-spectres-de-masse-pour-determination-de-la-structure-de-peptides","status":"publish","type":"page","link":"https:\/\/spgoo.org\/?page_id=5921","title":{"rendered":"Analyse de spectres de masse pour d\u00e9termination de la structure de peptides"},"content":{"rendered":"\n<p><strong>Contact<\/strong>&nbsp;: SPGoO Orl\u00e9ans \u2013 PKL<\/p>\n\n\n\n<p><strong>Titre<\/strong>&nbsp;: Analyse de spectres de masse pour d\u00e9termination de la structure de peptides<\/p>\n\n\n\n<p><strong>Contexte<\/strong>\u00a0: Calculs scientifiques appliqu\u00e9s en lien une activit\u00e9 de recherche<\/p>\n\n\n\n<p><strong>Pr\u00e9-requis<\/strong>&nbsp;: python<\/p>\n\n\n\n<p><strong>Description<\/strong>&nbsp;: La d\u00e9termination d\u2019un peptide \u00e0 partir de son spectre de masse est un exemple type de projet o\u00f9 l\u2019IA peut apporter une r\u00e9ponse pertinente. Malheureuse, l\u2019IA a besoin d\u2019un nombre suffisant d\u2019exemples pour pouvoir apprendre correctement. Finalement il s\u2019av\u00e8re que ce projet est un exemple type de probl\u00e8me qui peut \u00eatre r\u00e9solu compl\u00e8tement de fa\u00e7on analytique si on s\u2019y prend bien. Un d\u00e9but de reprise de ce probl\u00e8me nous a convaincu que l\u2019approche analytique \u00e9tait plus pertinente.<\/p>\n","protected":false},"excerpt":{"rendered":"<p>Contact&nbsp;: SPGoO Orl\u00e9ans \u2013 PKL Titre&nbsp;: Analyse de spectres de masse pour d\u00e9termination de la structure de peptides Contexte\u00a0: Calculs scientifiques appliqu\u00e9s en lien une activit\u00e9 de recherche Pr\u00e9-requis&nbsp;: python Description&nbsp;: La d\u00e9termination d\u2019un peptide \u00e0 partir de son spectre de masse est un exemple type de projet o\u00f9 l\u2019IA peut apporter une r\u00e9ponse pertinente. [&hellip;]<\/p>\n","protected":false},"author":4,"featured_media":0,"parent":0,"menu_order":0,"comment_status":"closed","ping_status":"closed","template":"","meta":{"footnotes":""},"class_list":["post-5921","page","type-page","status-publish","hentry"],"_links":{"self":[{"href":"https:\/\/spgoo.org\/index.php?rest_route=\/wp\/v2\/pages\/5921","targetHints":{"allow":["GET"]}}],"collection":[{"href":"https:\/\/spgoo.org\/index.php?rest_route=\/wp\/v2\/pages"}],"about":[{"href":"https:\/\/spgoo.org\/index.php?rest_route=\/wp\/v2\/types\/page"}],"author":[{"embeddable":true,"href":"https:\/\/spgoo.org\/index.php?rest_route=\/wp\/v2\/users\/4"}],"replies":[{"embeddable":true,"href":"https:\/\/spgoo.org\/index.php?rest_route=%2Fwp%2Fv2%2Fcomments&post=5921"}],"version-history":[{"count":2,"href":"https:\/\/spgoo.org\/index.php?rest_route=\/wp\/v2\/pages\/5921\/revisions"}],"predecessor-version":[{"id":5939,"href":"https:\/\/spgoo.org\/index.php?rest_route=\/wp\/v2\/pages\/5921\/revisions\/5939"}],"wp:attachment":[{"href":"https:\/\/spgoo.org\/index.php?rest_route=%2Fwp%2Fv2%2Fmedia&parent=5921"}],"curies":[{"name":"wp","href":"https:\/\/api.w.org\/{rel}","templated":true}]}}