{"id":5960,"date":"2025-03-30T17:19:34","date_gmt":"2025-03-30T15:19:34","guid":{"rendered":"https:\/\/spgoo.org\/?page_id=5960"},"modified":"2025-03-31T09:17:49","modified_gmt":"2025-03-31T07:17:49","slug":"site-morphophonologie","status":"publish","type":"page","link":"https:\/\/spgoo.org\/?page_id=5960","title":{"rendered":"Site Morphophonologie"},"content":{"rendered":"\n<h2 class=\"wp-block-heading\">Site Morphophonologie : J.M Fournier &#8212; Marjolaine Martin<\/h2>\n\n\n\n<p class=\"has-text-align-center has-vivid-green-cyan-color has-text-color has-link-color wp-elements-a955c195681e9499c366173ce3b47caf\">Appui SPGoO : Yvan Stroppa <\/p>\n\n\n\n<p>Elaboration en 2024 lors de la journ\u00e9e d&#8217;\u00e9tudes organis\u00e9e \u00e0 Tours du site de Morphophonologie de l&#8217;Anglais Contemporain pour l&#8217;\u00e9quipe MP de Tours.<\/p>\n\n\n\n<p><a href=\"https:\/\/morphophonologie.org \">https:\/\/morphophonologie.org <\/a><\/p>\n\n\n\n<p>Ce site traduit une collaboration de longue date entre les diff\u00e9rents participants qui a permis de mettre en place et de d\u00e9velopper la plateforme DeepBdd &#8212; Bddioctionnairique. Dans la construction de ce site on a profiter \u00e9galement de la mise en ligne de corpora issus de travaux de recherche de l&#8217;\u00e9quipe MP et ainsi les mettre \u00e0 la disposition de la communaut\u00e9.<\/p>\n","protected":false},"excerpt":{"rendered":"<p>Site Morphophonologie : J.M Fournier &#8212; Marjolaine Martin Appui SPGoO : Yvan Stroppa Elaboration en 2024 lors de la journ\u00e9e d&#8217;\u00e9tudes organis\u00e9e \u00e0 Tours du site de Morphophonologie de l&#8217;Anglais Contemporain pour l&#8217;\u00e9quipe MP de Tours. https:\/\/morphophonologie.org Ce site traduit une collaboration de longue date entre les diff\u00e9rents participants qui a permis de mettre en [&hellip;]<\/p>\n","protected":false},"author":1,"featured_media":0,"parent":0,"menu_order":0,"comment_status":"closed","ping_status":"closed","template":"","meta":{"footnotes":""},"class_list":["post-5960","page","type-page","status-publish","hentry"],"_links":{"self":[{"href":"https:\/\/spgoo.org\/index.php?rest_route=\/wp\/v2\/pages\/5960","targetHints":{"allow":["GET"]}}],"collection":[{"href":"https:\/\/spgoo.org\/index.php?rest_route=\/wp\/v2\/pages"}],"about":[{"href":"https:\/\/spgoo.org\/index.php?rest_route=\/wp\/v2\/types\/page"}],"author":[{"embeddable":true,"href":"https:\/\/spgoo.org\/index.php?rest_route=\/wp\/v2\/users\/1"}],"replies":[{"embeddable":true,"href":"https:\/\/spgoo.org\/index.php?rest_route=%2Fwp%2Fv2%2Fcomments&post=5960"}],"version-history":[{"count":6,"href":"https:\/\/spgoo.org\/index.php?rest_route=\/wp\/v2\/pages\/5960\/revisions"}],"predecessor-version":[{"id":5969,"href":"https:\/\/spgoo.org\/index.php?rest_route=\/wp\/v2\/pages\/5960\/revisions\/5969"}],"wp:attachment":[{"href":"https:\/\/spgoo.org\/index.php?rest_route=%2Fwp%2Fv2%2Fmedia&parent=5960"}],"curies":[{"name":"wp","href":"https:\/\/api.w.org\/{rel}","templated":true}]}}